nder when 85375 is divided by 266?
255
What is the remainder when 203 is divided by 173?
30
What is the remainder when 21510 is divided by 169?
47
Calculate the remainder when 11242 is divided by 249.
37
What is the remainder when 26850 is divided by 67?
50
What is the remainder when 131127 is divided by 37?
36
What is the remainder when 8612 is divided by 99?
98
Calculate the remainder when 17608 is divided by 11.
8
What is the remainder when 7536 is divided by 1194?
372
What is the remainder when 1168 is divided by 237?
220
What is the remainder when 191147 is divided by 182?
47
Calculate the remainder when 70194 is divided by 605.
14
What is the remainder when 14968 is divided by 2491?
22
Calculate the remainder when 55301 is divided by 906.
35
Calculate the remainder when 44319 is divided by 83.
80
What is the remainder when 7409 is divided by 1839?
53
What is the remainder when 130407 is divided by 105?
102
What is the remainder when 3537 is divided by 345?
87
What is the remainder when 436912 is divided by 243?
241
Calculate the remainder when 611727 is divided by 68.
67
Calculate the remainder when 2979138 is divided by 957.
954
Calculate the remainder when 10534 is divided by 1052.
14
Calculate the remainder when 6650 is divided by 2109.
323
What is the remainder when 3681 is divided by 552?
369
Calculate the remainder when 29428 is divided by 60.
28
Calculate the remainder when 7915 is divided by 3944.
27
Calculate the remainder when 72574 is divided by 72502.
72
Calculate the remainder when 18744 is divided by 4660.
104
What is the remainder when 4029 is divided by 89?
24
What is the remainder when 1884440 is divided by 686?
684
What is the remainder when 11087 is divided by 123?
17
What is the remainder when 3817 is divided by 4?
1
What is the remainder when 22792 is divided by 1610?
252
What is the remainder when 1451 is divided by 718?
15
What is the remainder when 3516 is divided by 1107?
195
What is the remainder when 25675 is divided by 12829?
17
Calculate the remainder when 10081 is divided by 3177.
550
What is the remainder when 17595 is divided by 50?
45
What is the remainder when 148048 is divided by 423?
421
What is the remainder when 32558 is divided by 84?
50
What is the remainder when 23621 is divided by 249?
215
Calculate the remainder when 668275 is divided by 203.
202
What is the remainder when 1284 is divided by 11?
8
Calculate the remainder when 21625 is divided by 188.
5
Calculate the remainder when 11573 is divided by 1284.
17
What is the remainder when 5121 is divided by 2515?
91
Calculate the remainder when 31295 is divided by 289.
83
What is the remainder when 108049 is divided by 21609?
4
Calculate the remainder when 8978 is divided by 121.
24
Calculate the remainder when 38147 is divided by 81.
77
What is the remainder when 27019 is divided by 35?
34
Calculate the remainder when 51816 is divided by 17270.
6
What is the remainder when 40535 is divided by 1127?
1090
Calculate the remainder when 1144 is divided by 222.
34
Calculate the remainder when 22453 is divided by 197.
192
Calculate the remainder when 84810 is divided by 16956.
30
What is the remainder when 846 is divided by 191?
82
Calculate the remainder when 704044 is divided by 59.
56
Calculate the remainder when 3671069 is divided by 32.
29
What is the remainder when 467061 is divided by 234?
231
Calculate the remainder when 94520 is divided by 31499.
23
What is the remainder when 16756 is divided by 1523?
3
Calculate the remainder when 2015 is divided by 247.
39
What is the remainder when 3694 is divided by 450?
94
Calculate the remainder when 65488 is divided by 64.
16
Calculate the remainder when 22627 is divided by 194.
123
What is the remainder when 8316 is divided by 975?
516
What is the remainder when 318751 is divided by 1088?
1055
What is the remainder when 26971 is divided by 860?
311
Calculate the remainder when 5906 is divided by 5871.
35
What is the remainder when 1069 is divided by 1040?
29
What is the remainder when 7423 is divided by 2409?
196
What is the remainder when 2511 is divided by 42?
33
Calculate the remainder when 1879165 is divided by 15.
10
Calculate the remainder when 8366 is divided by 133.
120
What is the remainder when 23267 is divided by 439?
0
Calculate the remainder when 2840 is divided by 2830.
10
Calculate the remainder when 5653 is divided by 269.
4
Calculate the remainder when 54513 is divided by 22.
19
Calculate the remainder when 319621 is divided by 53269.
7
What is the remainder when 6067 is divided by 243?
235
What is the remainder when 620150 is divided by 536?
534
Calculate the remainder when 3166705 is divided by 89.
85
Calculate the remainder when 1522121 is divided by 33.
29
Calculate the remainder when 34165 is divided by 34150.
15
What is the remainder when 202504 is divided by 1965?
109
What is the remainder when 729439 is divided by 81048?
7
Calculate the remainder when 1489422 is divided by 15.
12
Calculate the remainder when 13040 is divided by 621.
620
Calculate the remainder when 1131 is divided by 185.
21
What is the remainder when 3873 is divided by 13?
12
What is the remainder when 187166 is divided by 196?
182
What is the remainder when 30171 is divided by 55?
31
Calculate the remainder when 5798 is divided by 1492.
1322
Calculate the remainder when 4045 is divided by 481.
197
Calculate the remainder when 8398 is divided by 442.
0
What is the remainder when 6699 is divided by 225?
174
Calculate the remainder when 13746 is divided by 292.
22
Calculate the remainder when 554 is divided by 135.
14
What is the remainder when 12981 is divided by 109?
10
What is the remainder when 2094 is divided by 194?
154
What is the remainder when 8797 is divided by 244?
13
What is the remainder when 214830 is divided by 71578?
96
What is the remainder when 3395613 is divided by 868?
865
Calculate the remainder when 28157 is divided by 16.
13
What is the remainder when 8835 is divided by 338?
47
Calculate the remainder when 13605 is divided by 544.
5
Calculate the remainder when 320674 is divided by 3025.
24
What is the remainder when 2189 is divided by 545?
9
What is the remainder when 2626 is divided by 291?
7
What is the remainder when 1495041 is divided by 22?
9
Calculate the remainder when 1232 is divided by 171.
35
What is the remainder when 116198 is divided by 879?
170
Calculate the remainder when 322236 is divided by 233.
230
Calculate the remainder when 25219 is divided by 3601.
12
What is the remainder when 2600879 is divided by 15?
14
Calculate the remainder when 1949826 is divided by 10.
6
What is the remainder when 83731 is divided by 20?
11
What is the remainder when 72847 is divided by 235?
232
What is the remainder when 38754 is divided by 65?
14
Calculate the remainder when 15385 is divided by 188.
157
What is the remainder when 4039 is divided by 13?
9
Calculate the remainder when 477 is divided by 314.
163
Calculate the remainder when 70977 is divided by 58.
43
What is the remainder when 140900 is divided by 6709?
11
What is the remainder when 13971 is divided by 4657?
0
What is the remainder when 2139 is divided by 1339?
800
Calculate the remainder when 1989496 is divided by 14.
12
What is the remainder when 15660 is divided by 190?
80
What is the remainder when 49673 is divided by 34?
33
What is the remainder when 2946 is divided by 122?
18
What is the remainder when 348065 is divided by 317?
316
What is the remainder when 141888 is divided by 1290?
1278
Calculate the remainder when 8027 is divided by 49.
40
Calculate the remainder when 50770 is divided by 400.
370
Calculate the remainder when 521597 is divided by 41.
36
Calculate the remainder when 5225 is divided by 154.
143
What is the remainder when 14758 is divided by 14026?
732
Calculate the remainder when 6776 is divided by 1340.
76
Calculate the remainder when 142874 is divided by 294.
284
Calculate the remainder when 806945 is divided by 1287.
1283
What is the remainder when 167775 is divided by 4?
3
Calculate the remainder when 4333 is divided by 918.
661
Calculate the remainder when 2635 is divided by 91.
87
What is the remainder when 2885 is divided by 76?
73
Calculate the remainder when 9018 is divided by 282.
276
What 